ten thousands digit of 11250887?
5
What is the units digit of 61070628?
8
What is the thousands digit of 455063344?
3
What is the millions digit of 399136963?
9
What is the ten thousands digit of 139386388?
8
What is the billions digit of 1013379706?
1
What is the units digit of 453131510?
0
What is the millions digit of 154914447?
4
What is the ten thousands digit of 443412931?
1
What is the millions digit of 5071994972?
1
What is the tens digit of 512899602?
0
What is the billions digit of 2682658948?
2
What is the millions digit of 377368164?
7
What is the ten millions digit of 927134330?
2
What is the hundreds digit of 350599526?
5
What is the ten thousands digit of 30102738?
0
What is the tens digit of 635421033?
3
What is the millions digit of 1584318470?
4
What is the units digit of 13747213?
3
What is the units digit of 1530728036?
6
What is the ten thousands digit of 41231612?
3
What is the tens digit of 58642772?
7
What is the millions digit of 1600495467?
0
What is the billions digit of 2429196437?
2
What is the thousands digit of 14860357?
0
What is the ten thousands digit of 107339287?
3
What is the thousands digit of 2709979950?
9
What is the hundreds digit of 568511152?
1
What is the hundreds digit of 48830111?
1
What is the thousands digit of 811607308?
7
What is the hundred millions digit of 661346943?
6
What is the units digit of 235622022?
2
What is the tens digit of 4550793404?
0
What is the thousands digit of 450819103?
9
What is the ten thousands digit of 80764068?
6
What is the hundred millions digit of 200950987?
2
What is the hundred thousands digit of 98079131?
0
What is the hundreds digit of 15193831?
8
What is the tens digit of 5198062951?
5
What is the ten thousands digit of 78085878?
8
What is the ten millions digit of 49668582?
4
What is the thousands digit of 55006200?
6
What is the ten millions digit of 4137093824?
3
What is the hundred thousands digit of 2152432585?
4
What is the hundreds digit of 204774567?
5
What is the units digit of 111832711?
1
What is the thousands digit of 43934507?
4
What is the tens digit of 12817451?
5
What is the hundred millions digit of 2691844793?
6
What is the tens digit of 63885573?
7
What is the units digit of 2451060105?
5
What is the ten thousands digit of 9974428?
7
What is the millions digit of 1629818230?
9
What is the millions digit of 2815359683?
5
What is the ten millions digit of 113189224?
1
What is the ten thousands digit of 520692066?
9
What is the ten millions digit of 56401029?
5
What is the millions digit of 2265540121?
5
What is the units digit of 78273381?
1
What is the ten thousands digit of 214854655?
5
What is the units digit of 1514807892?
2
What is the millions digit of 1352091990?
2
What is the units digit of 292605710?
0
What is the tens digit of 920069247?
4
What is the ten millions digit of 353404665?
5
What is the ten millions digit of 294464420?
9
What is the units digit of 41426365?
5
What is the hundreds digit of 805362205?
2
What is the thousands digit of 22485445?
5
What is the units digit of 911239775?
5
What is the hundreds digit of 209642553?
5
What is the ten thousands digit of 4460720513?
2
What is the billions digit of 3126429809?
3
What is the hundreds digit of 66215044?
0
What is the ten millions digit of 263560987?
6
What is the hundred millions digit of 1693390918?
6
What is the ten thousands digit of 28335590?
3
What is the tens digit of 193376544?
4
What is the thousands digit of 47360562?
0
What is the millions digit of 2331685660?
1
What is the millions digit of 156107025?
6
What is the hundreds digit of 217192307?
3
What is the ten thousands digit of 1634172077?
7
What is the hundred thousands digit of 575431490?
4
What is the tens digit of 87381300?
0
What is the hundreds digit of 68690071?
0
What is the ten thousands digit of 149022749?
2
What is the units digit of 65263854?
4
What is the tens digit of 1227908190?
9
What is the units digit of 298179405?
5
What is the hundreds digit of 127023558?
5
What is the hundred thousands digit of 51152145?
1
What is the ten thousands digit of 52148261?
4
What is the hundred thousands digit of 69294348?
2
What is the hundred thousands digit of 31648598?
6
What is the thousands digit of 152115127?
5
What is the ten millions digit of 79599038?
7
What is the ten thousands digit of 87202933?
0
What is the thousands digit of 48120413?
0
What is the ten thousands digit of 244180963?
8
What is the hundreds digit of 3882307376?
3
What is the thousands digit of 327337339?
7
What is the hundred thousands digit of 181790065?
7
What is the tens digit of 2249362112?
1
What is the ten millions digit of 25881159?
2
What is the hundreds digit of 1161318036?
0
What is the hundreds digit of 69867507?
5
What is the units digit of 48337086?
6
What is the thousands digit of 1253559366?
9
What is the hundred thousands digit of 706849453?
8
What is the tens digit of 403424199?
9
What is the hundred thousands digit of 277475685?
4
What is the billions digit of 2048117781?
2
What is the thousands digit of 950750818?
0
What is the tens digit of 129438038?
3
What is the ten millions digit of 36814198?
3
What is the millions digit of 36059876?
6
What is the ten millions digit of 121115067?
2
What is the hundred thousands digit of 1321593?
3
What is the millions digit of 104239599?
4
What is the ten millions digit of 81704992?
8
What is the thousands digit of 6416847594?
7
What is the ten thousands digit of 7202396664?
9
What is the millions digit of 2730806915?
0
What is the hundreds digit of 53893371?
3
What is the ten thousands digit of 2116770986?
7
What is the units digit of 999529424?
4
What is the ten millions digit of 811729737?
1
What is the hundred thousands digit of 198043624?
0
What is the thousands digit of 21146393?
6
What is the tens digit of 56044542?
4
What is the hundred thousands digit of 261476943?
4
What is the hundred thousands digit of 1390508705?
5
What is the millions digit of 19820434?
9
What is the hundreds digit of 73207108?
1
What is the hundred thousands digit of 5971600?
9
What is the millions digit of 2304647941?
4
What is the thousands digit of 542854923?
4
What is the hundreds digit of 884524471?
4
What is the ten millions digit of 70390297?
7
What is the millions digit of 26856449?
6
What is the millions digit of 242960312?
2
What is the ten millions digit of 2246863798?
4
What is the thousands digit of 1837469193?
9
What is the tens digit of 1174633365?
6
What is the tens digit of 494293650?
5
What is the millions digit of 83081538?
3
What is the hundred millions digit of 1335651512?
3
What is the hundred millions digit of 728218487?
7
What is the ten thousands digit of 95768229?
6
What is the millions digit of 580610420?
0
What is the hundred thousands digit of 77222467?
2
What is the hundreds digit of 536026653?
6
What is the thousands digit of 372628929?
8
What is the hundreds digit of 164922806?
8
What is the hundred thousands digit of 161111235?
1
What is the tens digit of 57468723?
2
What is the ten thousands digit of 41191284?
9
What is the billions digit of 1201802331?
1
What is the tens digit of 45303594?
9
What is the thousands digit of 139545952?
5
What is the hundred thousands digit of 927930897?
9
What is the millions digit of 4512613776?
2
What is the ten thousands digit of 72783571?
8
What is the tens digit of 474642712?
1
What is the millions digit of 657773938?
7
What is the hundred thousands digit of 347736721?
7
What is the ten millions digit of 91147284?
9
What is the ten millions digit of 69589623?
6
What is the ten millions digit of 115294669?
1
What is the ten thousands digit of 570734991?
3
What is the hundred millions digit of 641166659?
6
What is the hundred thousands digit of 141522798?
5
What is the hundred thousands digit of 3221993946?
9
What is the hundred millions digit of 118259703?
1
What is the hundreds digit of 2196872878?
8
What is the tens digit of 85509384?
8
What is the hundreds digit of 2154551804?
8
What is the hundred millions digit of 9352056773?
3
What is the thousands digit of 16012854?
2
What is the ten millions digit of 1586910088?
8
What is the ten thousands digit of 3236651730?
5
What is the hundreds digit of 1241298776?
7
What i